be 4/6*33/22. What is o(p)?
0
Let h be 28/(-42)*(-15)/(-2). Let a be h*4/16*-4. Let t(d) = d + 4. Give t(a).
9
Let s(b) = -8*b**2 + 2 + 7*b**2 + 2 - b. Let v be s(-3). Let w(p) = -p**3 - p**2 + 3*p + 2. Determine w(v).
0
Let h(k) = 3*k - 2*k + 0*k - 2*k. Let g be h(-3). Let p(v) = -2 + 5*v + 3*v**2 - 2*v + 0*v**3 - v**3. Calculate p(g).
7
Suppose 5*d - 35 = -2*d. Let z(n) = -n + 12. What is z(d)?
7
Let f(q) = -4*q**2 + q + q**3 + 12*q - 9*q. Suppose -2*b = -3*b + 3. Give f(b).
3
Let z(y) = -9*y - 1. Suppose 8*r - 3*r + 5 = 0. Determine z(r).
8
Let k(n) be the third derivative of n**5/30 + n**3/6 - 22*n**2. Calculate k(-2).
9
Suppose -5*q + 2*q = 5*p - 1, -5*q - 5*p + 5 = 0. Let l(z) be the second derivative of -1/20*z**5 + 5/12*z**4 + z**q + 0 - 2*z - 1/6*z**3. Give l(5).
-3
Let m(o) = 3*o - 3. Let a be 1/4 - 19/(-4). Suppose 0*b + k + 4 = b, 1 = 2*b + a*k. Calculate m(b).
6
Let m(r) = -r - 3*r**2 + 13*r**2 - 1 - 9*r**2. What is m(2)?
1
Let n(q) = q**2 + 9*q + 7. Let z be (18/12)/((-9)/48). What is n(z)?
-1
Let r(w) be the first derivative of 3*w**4/4 - 4*w**3/3 + 2*w**2 + 3*w - 1. Let i(b) = -2*b**3 + 5*b**2 - 5*b - 4. Let y(n) = 4*i(n) + 5*r(n). Give y(1).
6
Let m(g) be the first derivative of -g**3/3 - 5*g**2/2 - 7*g + 1. Let w be (-1)/4 - (-57)/(-12). Give m(w).
-7
Let n(d) = -d**2 - 7*d - 6. Let y(f) = -2*f**2 - 14*f - 12. Let b(t) = 7*n(t) - 4*y(t). Suppose 26 - 6 = -5*x. Calculate b(x).
-6
Suppose 3*y + 18 - 6 = 0. Let r(k) be the third derivative of -k**4/24 - 2*k**3/3 + 7*k**2. What is r(y)?
0
Let y(j) = j**2 - 2*j - 1. Let z = -16 - -19. What is y(z)?
2
Let z(l) be the third derivative of 0*l - 1/120*l**6 - l**2 + 1/15*l**5 + 5/24*l**4 + 0 + 1/3*l**3. Let y = 8 + -3. Calculate z(y).
2
Suppose 2*i - 10 = 4*i. Let c(r) = r**2 + 2*r + 3. Let y be c(-2). Let j(x) = x + x - y*x. Determine j(i).
5
Let f(p) = -2*p - 1. Let k(m) = m**2 + 9*m - 13. Let i be k(-10). Let l be 1/2*(-18)/i. Calculate f(l).
-7
Let i = -5 - -5. Let r(t) be the first derivative of 1/4*t**4 + 1 - 1/2*t**2 + 0*t**3 - 7*t. Calculate r(i).
-7
Let q be (2 - 2)/(1/(-3)*3). Let y(b) = b**2 + 9. Calculate y(q).
9
Let t(k) = -3 + 0 + 2 + 2 + k. Calculate t(3).
4
Suppose -5*s + 3*s + 6 = 0. Suppose -14 - 1 = s*u, -4*u - 25 = -5*d. Let v(w) = 8*w**2 - w. Let z(n) = 8*n**2 - n. Let l(h) = 5*v(h) - 4*z(h). Determine l(d).
7
Let m(u) = -3*u + 5. Let f(l) = -4*l + 4. Let t(k) = -6*f(k) + 5*m(k). Let n(y) = y**3 - 5*y**2 + 5*y - 5. Let a be n(4). Give t(a).
-8
Let b(a) = -7*a**3 - a**2 - 6*a + 11. Let c(g) = g**3 - g**2 - 1. Let k(i) = b(i) + 6*c(i). Let m be k(-6). Let s(w) = w - 10. What is s(m)?
-5
Let c(m) = 5*m - 5. Let j(h) = -5*h**2 - 6*h. Let a(k) = -4*k**2 - 6*k + 1. Let u(l) = -6*a(l) + 5*j(l). Let z(i) = -3*c(i) + 2*u(i). Determine z(-3).
-6
Let o be 1/5 + (-6)/5. Let x(t) = 2*t**2 - 17 - 7 - 4*t**3 + t + 24. Calculate x(o).
5
Let z(m) = -2*m**2 - 2*m + 1. Let k(w) = -w**2 + 5. Let b be k(0). Let a = b + -4. Suppose -2*y - a = -3. Calculate z(y).
-3
Let r(m) = 5*m**2 + 1. Let g be (-80)/(-112) + (2 - 24/14). Determine r(g).
6
Let d(c) = -c**3 + 6*c**2 - 4*c - 5. Let u(m) = -2*m + 4. Suppose -2*b - 7 = -i, -3*i - b - b = -5. Let x be u(i). Let o be (2/x)/(2/(-10)). Calculate d(o).
0
Let c(x) = x**3 + 5*x**2 + 2*x + 7. Let v be (-10 + 9)*-13*1. Let j = v + -18. Determine c(j).
-3
Let v(d) = 4*d + 0*d - 3*d + 3*d**2 - 4*d**2. Let k(r) = -6*r**2 + 6*r + 1. Let l(p) = -2*k(p) + 11*v(p). Determine l(-2).
4
Let n(c) = -c**3 - 6*c**2 - 4*c. Let v be 12 + -9 - (0 - -8). Calculate n(v).
-5
Let h(z) = -4*z**2 + 5*z - 1 - 11*z**3 + 12*z**3 - 2*z**3. Calculate h(-5).
-1
Let l(c) = c**2 - c. Let g(p) = 5*p**2 - 9*p - 2. Let x(m) = -g(m) + 4*l(m). Let r = 0 + 6. What is x(r)?
-4
Let t(h) be the second derivative of -h**5/60 - h**2 + 4*h. Let o(j) be the first derivative of t(j). Let s be (-4)/10 + 6/15. What is o(s)?
0
Let x(l) = l**3 - 3*l**2 + 5*l - 1. Let h(r) = 6*r + r**3 + 0*r**2 - 3*r**2 + 0*r + r**3. Let d(f) = 2*h(f) - 3*x(f). Give d(-4).
-1
Let v(o) be the third derivative of -1/30*o**5 + 0 + 1/24*o**4 + 0*o - 2*o**2 + 1/6*o**3. What is v(-2)?
-9
Suppose f = -3*u + 2*f + 14, -u + 6 = -f. Let x(t) = -t**2 + 3*t**3 + 1 - t + 2 - u - t**3. Calculate x(-1).
-3
Let w(n) be the first derivative of n**2 - 1/3*n**3 - n - 11. Determine w(4).
-9
Let u(j) = -j - 1. Let n(q) = q**2 + q - 3. Let i be (-2 - (1 + -2)) + 1. Let t be n(i). Give u(t).
2
Let q(p) be the second derivative of -p**4/12 - 5*p**3/3 - 3*p**2 - 66*p. Determine q(-7).
15
Let n(z) = -z**2 - 5*z - 2. Suppose m + 3*k = -12, -2*m + 3*m + 2*k + 9 = 0. Give n(m).
4
Suppose 3*h = 5*i + 29, 5*i - 5*h + 18 + 17 = 0. Let g(q) = 4*q + 13. Let b(a) = 2*a + 7. Let m(l) = 5*b(l) - 3*g(l). What is m(i)?
4
Let q(j) = -10 + 6 - j + 5. Let v(z) = 3*z + 3. Let u be v(-2). What is q(u)?
4
Let p = -6 - -8. Let z(h) = 3 - 6*h - h**p + 3*h + 0*h - 3*h. What is z(-6)?
3
Let j(q) = 8*q**2 - q. Suppose 22*x - 24*x = -2. Determine j(x).
7
Suppose -3*q = -5*g + 13, 5*g - 5 = 4*q + 4. Let h(w) = w**3 - 4*w**2 - 1. Determine h(q).
-1
Let h(x) = 3*x - 1. Let j = 78 + -72. Determine h(j).
17
Let a(b) = b**3 + 4*b**2 + 6*b. Let k(o) = 2*o**3 + 3*o**2 + 5*o. Let z be (-4 - 0)*(4 + -3). Let d = -1 - -6. Let v(u) = d*k(u) + z*a(u). Calculate v(1).
6
Let s(g) = -g**3 - g**2 + 1. Let q be s(1). Let i(z) = -z**2 - z. Calculate i(q).
0
Let m(l) = 8*l**2 - 1. Suppose 0 = -2*t + 24 - 26. Give m(t).
7
Let n be 8/16 + 1/(-2). Suppose n = u - 9 + 1. Let c(y) = -y**3 + 9*y**2 - 7*y - 8. Determine c(u).
0
Let j(f) be the first derivative of -f**4/4 + f**3 - f**2 + 2. Let q = -41 + 44. Calculate j(q).
-6
Let f(c) = 5*c**2 + 5*c + 15. Let y(d) = d**2 + d + 4. Let g(w) = -2*f(w) + 9*y(w). Calculate g(-5).
-14
Let u(x) = -x**3 - 4*x**2 + 1. Let m = 11 + -9. Suppose -c - 17 = 3*p, -m*p - 22 = 2*c - 4. Give u(p).
1
Let c = 8 - 6. Let t(j) = 0*j**2 - 7*j**2 + 3*j**2 - 3*j + 3*j**c - 4 + j**3. What is t(3)?
5
Let r be (-22)/18 - (-10)/45. Let i(q) = 7*q**3 - q**2 + 4*q + 3. Let y(o) = 36*o**3 - 6*o**2 + 21*o + 16. Let v(s) = -11*i(s) + 2*y(s). Determine v(r).
5
Let c(h) = h**3 - 2*h**2 - 3*h + 3. Suppose -5*f = -6 + 16. Let u(r) = -r + 1. Let i be u(f). Calculate c(i).
3
Let d(w) = -7*w - 5*w + 14*w - 3*w**2 + 4*w**2 - 4. Calculate d(3).
11
Suppose 0 = -2*q - 14 + 4. Let j(b) be the second derivative of -b**3/6 - 4*b**2 - 5*b. Determine j(q).
-3
Let l(a) = a**3 - 2*a - 1. Suppose 18 = 3*w + 2*z + z, 2*w = -5*z + 24. What is l(w)?
3
Let a(t) = -t**3 - 10*t**2 - 8*t + 9. Let p be a(-9). Let h(s) = -s + 2*s + p*s. Suppose 0*q = 5*q. What is h(q)?
0
Suppose -4*l + 12 = -16. Let s = l - 5. Let k(z) = -4*z**s + z**3 - 2 + 4*z + 0*z**2 + 0*z. What is k(3)?
1
Let n(z) = z**3 + z**2 - 5*z + 3. Let l be n(2). Let u(m) = m**2 - 4*m + 3. Give u(l).
8
Let n(s) be the third derivative of -s**4/24 - s**3/2 + 12*s**2. Give n(-2).
-1
Let s(c) = c - 1. Let z(j) = 3*j - 1. Let b(q) = 5*s(q) - 2*z(q). What is b(-11)?
8
Let u(v) = -v**3 - 8*v**2 - v - 3. Let k be 4*(-2 + 0/(-1)). Let i be u(k). Let d = i - 8. Let f(w) = w**2 + 4*w + 3. What is f(d)?
0
Let a(i) be the first derivative of i**2/2 - 31. What is a(-2)?
-2
Let i(t) = 15*t**3 - 4*t**2 - 5*t - 7. Let h(q) = -8*q**3 + 2*q**2 + 3*q + 4. Let g(v) = 7*h(v) + 4*i(v). Calculate g(1).
3
Let w(p) be the third derivative of -p**5/12 + p**3/6 + 2*p**2. Let r be w(-1). Let q = -2 - r. Let s(b) = -b**3 - b + 2. Determine s(q).
-8
Let q(v) = -v**2 - 6*v - 6. Let l = -95 - -90. Give q(l).
-1
Let m(c) = 3*c + 4. Let j(s) = 6*s + 7. Let k(n) = -4*j(n) + 7*m(n). Determine k(1).
-3
Let q(m) = -4*m + 1. Let k(i) = -8 + 2 - i**2 + 2*i + 2*i**2 + 2*i. Let b be k(-5). Give q(b).
5
Let c be 0 + (-3)/3 - -2. Let z be 2/4*(25 + c). Suppose -4*w - z = 3. Let t(b) = 2*b + 2. Determine t(w).
-6
Suppose 4*n = -3*l + 28, 19 + 5 = 2*l + 4*n. Let p = -7 + l. Let h(x) = 4*x. Give h(p).
-12
Suppose 5*q = 2*q + 18. Let p(v) = -v**2 + 7*v - 6. Let x be p(6). Let j(l) = 0*l + x + l + 1. Give j(q).
7
Suppose -4*c = -7 - 1. Let i(z) = -47*z**3 + c*z**2 - 6*z - 6 + 2*z + 2*z**2 + 48*z**3. Calculate i(-4).
10
Suppose 5*g - 11 = -1. Suppose 3*j - 3*l - l = 17, g*l = -4. Suppose -j*n + 4*n = -4. Let f(h) = -h - 1. What is f(n)?
3
Let t(z) = -z**3 + 6*z**2 - 2*z + 9. Let b 